re the prime factors of i?
3, 5, 13
Let q be ((-1962)/(-27))/((-4)/6). Let g = 173 + q. What are the prime factors of g?
2
Suppose -47*c + 4476 = -44*c + k, -2*c = 4*k - 2984. What are the prime factors of c?
2, 373
Suppose 11*w - 926 + 35 = 0. Suppose -2*h = 4*n - 185 - w, 5*h + 2*n - 625 = 0. What are the prime factors of h?
3, 41
Suppose -689 - 771 = -5*m. Suppose 0 = 4*t - 4*x - m, 2 = -2*x + 4. What are the prime factors of t?
2, 37
Let n be 30/(-70) + ((-72)/14)/2. List the prime factors of n - (-3 + -115 - -2).
113
Suppose s = -u + 137, 4*s - 4*u - 532 = -0*s. List the prime factors of s.
3, 5
List the prime factors of (-6366)/(-10) - ((-48)/(-60))/(-2).
7, 13
Suppose -3*h - 3*y + 18 = 0, 5*h - 3*y = 1 + 5. Suppose -h*u - u = -36. Let f(k) = k**2 - 7*k + 10. List the prime factors of f(u).
2, 7
Let m = -15 - -24. Let n be (0 - 1)/(m/(-18)). List the prime factors of -2 + (1 + n)*4.
2, 5
Let i be (4/10)/(12/5580). Let y = -46 + i. What are the prime factors of y?
2, 5, 7
Suppose -v - 248 = -k, -746 = -k - 2*k + v. Suppose -4*i + k + 103 = 0. List the prime factors of i.
2, 11
Let n(o) = -4*o + 42. What are the prime factors of n(-37)?
2, 5, 19
Let j = 829 + -208. List the prime factors of j.
3, 23
Let c = 722 - 150. What are the prime factors of c?
2, 11, 13
Suppose -b = -5 + 1. Let j(a) = -6*a**2 + 5. Let s(p) = -7*p**2 + 5. Let r(q) = -5*j(q) + 4*s(q). What are the prime factors of r(b)?
3
Suppose -4*q + 5*a + 13 = -14, 3*q - 21 = 4*a. Suppose k + 0 = q. Suppose -z - 49 = -k*z - f, -z + 38 = 5*f. What are the prime factors of z?
23
Let f = 73 - 51. Let k = 45 + -43. Suppose 2 = 3*m - 0*m + 2*g, -3*m + k*g + f = 0. List the prime factors of m.
2
Let x(k) = k**3 + 15*k**2 - 9*k + 2. Let w be x(-14). Suppose 0 = -10*t + 4*t + w. What are the prime factors of t?
2, 3
Let o = 2 + -3. Suppose s - 6*s - 5*m = -25, 0 = 4*s + m - 11. List the prime factors of -1 + o/(s/(-30)).
2, 7
Let w(b) = -80*b + 101. What are the prime factors of w(-5)?
3, 167
Let w(t) be the second derivative of 0*t**3 + 2*t + 8*t**2 + 1/12*t**4 + 0. List the prime factors of w(0).
2
What are the prime factors of 743 - 9 - (-5 - -14)?
5, 29
Let u be (-27)/216 + 5314/16 + 1. Let d = 604 - u. List the prime factors of d.
271
Suppose -n = 8 + 23. Let f = 32 - n. List the prime factors of f.
3, 7
Let h(n) = -2*n - 15. Let c be h(-10). Suppose 5*t = -4*p + 1111 - 420, 5*p - 690 = -c*t. Suppose 4*s - 165 = t. What are the prime factors of s?
2, 19
Let v(n) = 58*n**2 + 1. Let l be v(-1). Suppose 0 = -3*c + l - 8. Suppose c = -0*r + r. What are the prime factors of r?
17
Suppose 0 = -d + 3*d - 432. Suppose d = -x - 0*x. What are the prime factors of x/(-9) + 1*2?
2, 13
Let c = -113 - -151. Suppose -4*w - 21 - 3 = -4*f, 0 = -2*w - 6. Suppose -f*v - s - c + 139 = 0, s + 35 = v. List the prime factors of v.
2, 17
Let y(m) = m**2 - 8*m + 15. Let l be y(5). What are the prime factors of 137 - ((l - 1) + 4)?
2, 67
Let w(p) = p**2 - p + 1. Let v(u) = -3*u + 8*u**2 + 88 - 85 - u. Let f(g) = v(g) - 4*w(g). What are the prime factors of f(2)?
3, 5
Suppose -12*c + 8*c + 12 = 0. Suppose -h - c*h - 4*w - 48 = 0, 5*w - 59 = 2*h. Let m = 41 + h. What are the prime factors of m?
2, 3
Let b(v) = 55*v**2 + 2*v - 1. Let f be b(1). Suppose 0 = f*a - 53*a - 42. List the prime factors of a.
2, 7
Suppose 2 = 5*m + 27. Let o(p) = p + 10. Let d be o(m). List the prime factors of 135/25 + (-2)/d.
5
Let f(t) = -t**3 + 2*t**2 + 6*t - 5. Let w be f(4). Let s = w + 19. List the prime factors of (-64)/s*21/(-14).
2
Let d(w) = -w**2 - w + 2. Let u be d(0). Let s be -1*(u - -24) - 2. List the prime factors of 24/(-14)*s/4.
2, 3
Suppose z + 8 = -r, 3*z + 3*r - 26 = 5*z. Let g = z + 12. Suppose 3*j + 4*p = 168, 3*p + g*p - 165 = -3*j. List the prime factors of j.
2, 3, 5
Suppose -54 = 4*f + 22. Let x = 43 + f. Let n = -7 + x. What are the prime factors of n?
17
Suppose -x + 2*d = 10, x - 4 = -5*d + 7. What are the prime factors of (x/(-3))/((-3)/(-207))?
2, 23
What are the prime factors of (-4)/(-2 + 0) - (-2373)/7?
11, 31
Let j = -1393 + 4566. What are the prime factors of j?
19, 167
Let d be 4/26 + (-9666)/(-39). Suppose 2*a + 1155 = 2*k + 3*k, -k + d = 3*a. What are the prime factors of k?
233
Suppose -8*w = -7*w. Suppose w = 7*l - 0*l - 252. List the prime factors of l.
2, 3
Suppose -2*d - 20 = -4. Let h = d - -36. What are the prime factors of h?
2, 7
Suppose 0 = -s - s - 64. Let q = -32 - s. Suppose -3*f + j - 23 + 188 = q, -267 = -5*f - j. What are the prime factors of f?
2, 3
Let t(q) = -q + 1. Let d(a) = 44*a**2 - 4*a + 7. Let j(l) = d(l) - 6*t(l). List the prime factors of j(-2).
173
Suppose 0 = 2*s + 2 - 6. Suppose -4*q + 6*w - s*w = -112, 0 = 4*q - 3*w - 116. Let g = 54 - q. List the prime factors of g.
2, 11
Suppose 2*p = h + 10, -p + 3*p + 2 = -2*h. Let d be h/6 - 32/(-3). Suppose d*m = 13*m - 165. List the prime factors of m.
5, 11
List the prime factors of 494019/228 + -3 + (-34)/(-8).
2, 271
List the prime factors of ((-388)/10)/((-14)/770 - 0).
2, 11, 97
Let w = 498 - 487. What are the prime factors of w?
11
Let k(n) = -8*n**3 - 6*n**2 - 4*n + 9. List the prime factors of k(-5).
3, 293
Suppose 82 + 84 = 2*r - 2*w, 0 = r + w - 83. What are the prime factors of r?
83
Let h(x) = 344*x - 1137. List the prime factors of h(10).
7, 47
List the prime factors of (756/(-56))/(2/(-12)).
3
Let n(r) = 2*r**2 + r + 3. Let c(l) = l**2 + 8*l + 2. Let g be c(-7). What are the prime factors of n(g)?
2, 3
Suppose 104 = 8*t + 16. Let c(h) = 6*h - 1. What are the prime factors of c(t)?
5, 13
Let c = -18 + 17. Let z be 0*(-4)/(c + -7). Suppose t + b - 35 = z, 4*b - 175 = -5*t + 2. List the prime factors of t.
37
Let s(o) = 2*o**2 + 12*o + 10. Let q = -6 + -2. Let k be s(q). Suppose 0*v + 2*v - k = 0. List the prime factors of v.
3, 7
Let c be 828/16 + 3/12. Suppose 4*z - c = 4*b, 0 = 5*z - 0*b - b - 57. Suppose 2*p = h + z, 5*p = 3*p + 3*h + 5. What are the prime factors of p?
7
Suppose -4*o + 5*p + 98 = 0, 0 = -3*p + 2*p + 2. Suppose o = 2*t - 2*n - 61, n = 1. List the prime factors of t.
3, 5
Let b(i) = 43*i**2 + 24*i + 12. What are the prime factors of b(-3)?
3, 109
Let j = 10 + -22. Let s = 12 + j. Suppose 2*w = -s*w + 22. List the prime factors of w.
11
Let p = -49 - -82. What are the prime factors of p?
3, 11
Suppose 8*z - 6*z - 546 = 0. Suppose 0 = 8*i - z - 431. List the prime factors of i.
2, 11
List the prime factors of 5884 - -7*24/(-84).
2, 17, 173
What are the prime factors of (-6)/14 - 61568/56*-1?
7, 157
Let n be 7644/(-60) + (-3)/5. List the prime factors of (-4 - (n - -2)) + 0.
2, 61
Let k(i) = -8*i + 18. Let f be k(2). What are the prime factors of (-34)/14 + f + (-39900)/(-147)?
271
Let q(h) = h**2 - 5*h - 2. Let t be -3 - (0 - 2) - -6. Let s be q(t). List the prime factors of ((-48)/(-15))/(s/(-20)).
2
Let c = -28 - -31. Suppose -c*a + 22 = -2*a. What are the prime factors of a?
2, 11
Suppose 16*p = 10*p - 42. List the prime factors of p + 6 + (-3)/(3/(-193)).
2, 3
Suppose q + o = -4 + 13, 5*o - 41 = -4*q. What are the prime factors of q?
2
Let m = 31 - 13. Suppose -132 + m = -6*v. Let y = -5 + v. What are the prime factors of y?
2, 7
List the prime factors of 831/(12*2/56).
7, 277
Suppose 3*y + 3 = 2*y, 2*b + 2*y = 1376. What are the prime factors of b?
691
Suppose 12 + 13 = 5*n. Let b(i) = 3*i - 12. Let j be b(n). Let w(s) = 3*s**3 - s**2 - s - 5. What are the prime factors of w(j)?
2
Suppose 0 = -9*b + 13088 - 3359. What are the prime factors of b?
23, 47
Let w(b) = 33*b**2 + 4*b - 3. Let v be w(3). Suppose -5*z = 2*k - 6*k + v, -4*k + 288 = 4*z. List the prime factors of k.
2, 37
Let p be ((-300)/8)/5*28/(-10). Suppose 0 = -9*g + p*g - 3048. What are the prime factors of g?
2, 127
List the prime factors of 7136/8 + 2 + 0.
2, 3, 149
What are the prime factors of 561 - (-9)/((-63)/(-14))?
563
Let u(x) = 19*x - 2. Let p be u(-1). Let b = p - -18. List the prime factors of (0 - b - 3) + 4.
2
Let p(v) = 2*v - 14. Let o be p(9). Suppose 3*s + 114 = o*s. List the prime factors of s.
2, 3, 19
Let d = -31 - -94. Suppose -3*u = -4*u + d. List the prime factors of u.
3, 7
Let a = 1094 + -580. List the prime factors of a.
2, 257
What are the prime factors of 89 + -4*30/(-24)?
2, 47
Let h(s) = 407*s + 